 0*s = 2*c - 412, -3*c - w = 0. Is s a composite number?
False
Is (393706/18)/(17/153) a prime number?
True
Let s(j) = -j**2 - 13*j + 70. Let g be s(-17). Suppose 0 = -g*z - 3*l + 27724, 2*z - 3*l - 27710 = l. Is z a composite number?
False
Let a(v) = 2887*v**3 + v**2 + 3*v - 20. Let n be a(9). Suppose 24*z - n = -82399. Is z prime?
True
Let y = -438 - -456. Suppose 0 = 2*n - 6, 23*j - y*j - 1474 = -3*n. Is j prime?
True
Is ((-77)/(-462))/((-1)/(-191742)) a prime number?
True
Let v be (-3 - -7)/(-7 + 2 + 6). Suppose -v*d + 81558 - 26962 = 0. Is d a composite number?
False
Let f(j) = 412*j**3 - 5*j**2 + 6*j - 64. Is f(5) a prime number?
True
Suppose -31 - 5 = -9*h. Let l be (9/(-12) + 0)*-4. Suppose l*v = -4*u + 293, u + 2*u + h*v - 225 = 0. Is u prime?
True
Let k(b) be the second derivative of -19*b**3/6 - b**2/2 - 11*b. Let g be k(-5). Let i = g + 19. Is i composite?
False
Let v(c) = 35548*c**2 + 230*c - 937. Is v(4) a composite number?
False
Let b(y) = 3*y**3 - 241*y**2 + 163*y - 155. Is b(82) a composite number?
False
Let n(a) = -8 - 7 + 21 + a**2 - 9*a. Let h be n(8). Is ((-9)/h - 0)*1874/3 prime?
False
Suppose -5*x - 680855 = -5*v, -31*v - 544726 = -35*v - 3*x. Is v prime?
True
Suppose 16*t + 5*t - 60306 = 15945. Is t composite?
False
Suppose 5*a = -4*a + 5*a. Suppose a = -3*n + 91 - 85. Suppose 4*s - n*s = 5*t + 346, 2*s - t = 330. Is s prime?
True
Let c(f) = -3684*f + 437. Is c(-6) a prime number?
True
Suppose -270 - 135 = -2*o - 3*s, -o - s + 200 = 0. Suppose 0 = 4*f + 3*a + 673 + 117, -f - o = 2*a. Let g = f - -318. Is g a prime number?
False
Suppose 4 = -s, 0 = -o - 0*s + 4*s + 1002. Let p = -189 + o. Is p a prime number?
True
Suppose 2*u + 4*f = 3*u - 27, u - 3 = -4*f. Is ((-43164)/(-10) - -4) + u/25 composite?
True
Let m(c) = -33*c**3 + 51*c**2 + 50*c + 405. Is m(-37) composite?
True
Suppose 4*q = -4*z - 4, -3*q + 4*z + 2 = -8*q. Suppose -q*y + 2473 + 45 = 0. Suppose 4*f - 6295 = -5*h - f, -2*f - y = -h. Is h composite?
False
Suppose -4*n + 454223 = m + 167598, -n = -3*m - 71666. Is n a prime number?
False
Let c = 16265 + -2302. Is c a composite number?
False
Let j(k) = 2*k**3 - 29*k**2 - 27*k - 93. Let u be j(21). Let t = -1754 + u. Is t composite?
False
Let q be 15/5 - (3 + -2). Let g be -1 - q*(-1)/2. Suppose k + 0*k + 3204 = 3*m, -4*k + 12 = g. Is m a prime number?
True
Let w(a) = 1316*a - 36. Let r be w(12). Suppose 14*u = -5860 - r. Let k = 2193 + u. Is k prime?
False
Suppose -360 = -40*a - 5*a. Is 35824/14 + (a - 880/112) a prime number?
False
Let a(h) = h**2 - 9. Suppose y - 11 = 3*t, -2*t + 3*y - 18 = 2*t. Let r be a(t). Suppose 2*b - 5*z - 1162 = r, -z = -2*z. Is b a prime number?
False
Let d(l) = 8913*l - 668. Is d(13) composite?
False
Let f = -6 + 9. Suppose -f*m = -5*y - 238 + 3252, y + 2*m = 595. Is y/(-3 + (-2)/(8/(-14))) a prime number?
False
Let j = -15 - -15. Suppose j = -19*o + 16*o + 1782. Suppose -210 = -4*u + o. Is u a prime number?
False
Let b be (1888/6)/((-8)/(-708)). Suppose b = 3*x + x. Suppose -o - l = -1390, -5*o + x = -0*o + l. Is o a prime number?
False
Suppose 4*c = 5*q + 162830, 10*c - 122119 = 7*c + 2*q. Let v = 65307 - c. Is v a composite number?
True
Is (-2)/(-9) - 9603942/(-54) a prime number?
False
Let m = -151244 - -279663. Is m prime?
False
Let h = 64894 + -45335. Is h prime?
True
Let i = -106473 + 238490. Is i prime?
False
Suppose -36*f = -39*f + 661989. Is f prime?
True
Is (-132 - -134)*(-226978)/(-4) composite?
False
Is (-8755758)/(-15) + 132/165 + 4 + -1 a prime number?
False
Suppose -1958237 + 412123 = -20*t + 3474546. Is t a prime number?
True
Suppose 2*w = 10, -126*c - 3*w = -127*c + 53216. Is c a prime number?
True
Let c(l) = -144*l - 4749. Let x be c(-33). Let t = 14 + -10. Is (316/(-18)*x)/(t/(-6)) a prime number?
True
Suppose z + 14 + 0 = -4*q, -5*z - q = -25. Suppose 3*x + 50312 = z*g - g, -4*g + 5*x = -40247. Is g prime?
False
Let f = -133408 + 320694. Suppose -8*b - 14*b = -f. Is b a composite number?
False
Let j(o) = -11*o - 251. Let d be j(-23). Suppose 22*y + d*y - 122712 = 0. Is y prime?
True
Let m(r) = 96279*r - 7243. Is m(16) a prime number?
True
Suppose -3836802 = 91*a - 14400901. Is a composite?
False
Suppose -17*f = -2880 - 22059. Let t = -370 + f. Is t a composite number?
False
Let b(x) = 23*x - 25. Let r be b(2). Let s(i) = i**3 - 17*i**2 + 18*i - 19. Is s(r) a prime number?
False
Suppose 213*y - 220*y - 173145 = 0. Let u = y + 38956. Is u composite?
False
Let k = 176 + -179. Is 15439/(((-3)/(-9))/(k/(-9))) composite?
False
Suppose -s + 175 = -g + 3*g, -2*g = -s + 175. Let v(o) = o**3 - 3*o - 240. Let m be v(0). Let c = s - m. Is c a prime number?
False
Let j(p) = 189*p + 15. Let n(b) = -6*b - 13. Let y be n(-4). Suppose 12*c - 4 = y*c. Is j(c) a composite number?
True
Let s = 35520 - 15263. Is s prime?
False
Let t(d) = 27 - 3*d**2 + 8*d**2 - 7629734*d + 6*d**2 + 7629737*d. Suppose 7 = 3*i - 2*i. Is t(i) a composite number?
False
Suppose 4*i + 72 = 980. Let z(v) = -437 + 437 + i*v. Is z(7) a composite number?
True
Suppose -5*x + 3126678 = 3*k, 0 = -4*k + 3*x + 4409782 - 240965. Is k a prime number?
True
Is (-6)/(-4) - ((-842476)/(-8))/(50/(-50)) a prime number?
False
Let x(u) = 6696*u**2 + 31*u - 8. Is x(3) prime?
False
Suppose -5*p + 65 = 5*y, 43 = 2*y - 3*p + 12. Let x = 14 - y. Suppose -3*k + x*k = -1362. Is k composite?
True
Let s(i) = 465*i**2 - 4*i - 3. Let c(f) = -f**2 - 17*f - 18. Let y be (-3 - 0) + 26/(-4 - -2). Let l be c(y). Is s(l) prime?
False
Suppose -2*z = -3*d + 35255 + 318926, d - 3*z - 118065 = 0. Let u = d + -69412. Is u prime?
True
Let u(y) = 468039*y + 22. Let t be u(1). Suppose -21*f = -4*f - t. Is f a prime number?
False
Let n(w) = -18*w**2 - 5*w - 18. Let i be n(-10). Let y = i - -3027. Is y composite?
False
Suppose -312786 = -882*i + 864*i. Is i composite?
False
Suppose 2*c = -2*c - c. Suppose 3*w + 0*w - 5*p - 770 = 0, 2*w + 4*p - 550 = c. Suppose -5*s = 5*b - b - w, 0 = -2*s - 3*b + 99. Is s a prime number?
False
Let k = -7355 + 14746. Suppose -k = -5*b + 324. Is b a composite number?
False
Suppose 11*k + 47*k = -105*k + 18739621. Is k a composite number?
False
Let y(r) = r - 23. Let x be y(25). Suppose -t + 14 = -2*t - x*z, 0 = 4*z + 16. Is (-5685)/t + 1/(-2) composite?
False
Let d = 115184 - 19093. Is d a composite number?
True
Suppose 0 = 20*g - 27*g + 740901. Suppose k = 1, k + g = 2*c + 6*k. Is c a prime number?
True
Let f be 5/3 + 272/51. Is (36/21)/((-2)/f) - -4649 composite?
False
Let f be (2251 - 5)/(4/6). Suppose 4*j = -5*z + 5*j + 16788, -z = -4*j - f. Suppose -3*w = 3*i - z, 4*i - 6*w = -w + 4440. Is i composite?
True
Is (31881/4 - 15/(-20)) + 8 prime?
False
Suppose 0 = 2*z - 12*n + 17*n - 255050, z = 3*n + 127525. Suppose l + 85002 = 2*s, 0 = 3*s - 0*s + 4*l - z. Is s composite?
True
Is ((-3769180)/(-80)*8)/((-4)/(-2)) a prime number?
True
Is 2/9*-311224*(-216)/384 a composite number?
False
Suppose -4*s - 10 = 3*n, 0 = -s + 4*s + 12. Let j be 2/6 - (33/(-9) + n). Suppose -j*u - 664 = -4*o - 3618, 2*u + 4*o - 2970 = 0. Is u a composite number?
False
Suppose 10*t = -10*t + 3960. Is t + (-20)/50 + (-18)/5 composite?
True
Suppose -5*x + 13 = 2*f - 0*x, -21 = -4*f - 5*x. Suppose 0 = -4*c, c + 20 = f*r + 2*c. Suppose -427 = -2*a - 5*q, -2*q + 1056 = r*a - q. Is a a prime number?
True
Suppose -236*o + 7041601 + 25561091 = 0. Is o prime?
False
Let l(x) = -1050*x**3 - 3*x**2 - 75*x - 483. Is l(-6) prime?
False
Let g(k) be the third derivative of 13*k**6/90 - 17*k**4/24 + 14*k**3/3 + 31*k**2. Let y(b) be the first derivative of g(b). Is y(-4) composite?
True
Let r(y) be the second derivative of 4*y**3/3 - 45*y**2/2 + 28*y. Let x be r(6). Is 3 + (x + -7)*-86 composite?
False
Suppose -3*u + 0 = -15. Let s be (u - 0)*(19 - 16). Is (-3)/9 + 25100/s composite?
True
Let z(b) = b**3 - 10*b**2 + 27*b - 15. Let g be (8/(-3))/(-4) + 220/12. Is z(g) prime?
False
Let x be 24/(-10)*((-5)/2 - 0). Suppose -7551 = x*n - 31227. Is n a composite number?
True
Let v(j) = -86*j**2 + 55*j + 1. Let h(a) = -43*a**2 + 27*a. Let f(w) = -13*h(w) + 6*v(w). Let k be f(13). Suppose k - 37501 = -9*q. Is q a prime number?
True
Let k(l) = -5*l - 3. Let y be k(-1). Let a be (-2 - (2 + -5))*2. Suppose -a*g + 532 = 9*v - 5*v, -5*g + 282 = y*v. Is v a prime number?
Tru